 v + 8702. Suppose -4*h = 4*j - p, 5*h = -0*h + j + 2811. Is h prime?
True
Let v = -20 - -20. Suppose v = 10*i - 11911 - 16509. Suppose -4*c = -i - 1146. Is c a prime number?
True
Is (9 + -8016)*(-68 + 3) + 36/(-18) a prime number?
False
Is 671070/12 + -2 - 3/(-6) composite?
False
Suppose -2*v = -b + 1086, 4*b - b = 2*v + 3258. Let y = -453 - b. Let j = 3278 + y. Is j a composite number?
True
Let u = 112 - 109. Suppose 973 = u*c + 2518. Let t = c - -1800. Is t composite?
True
Let c(h) = -36*h**3 + 3*h**2 - 19*h - 29. Is c(-6) a prime number?
False
Let h(r) = 308*r + 415. Let z be h(8). Let g = z - -1862. Is g a prime number?
False
Is (-776275)/(-7) + 1400/2450 prime?
False
Suppose 2*v = -1792 + 250. Let w = 477 - v. Let t = w + -655. Is t a composite number?
False
Suppose 2*k + 2 = -8. Let s be (12/k)/(8/(-8660)). Let t = s - 1497. Is t a prime number?
False
Let b = -416494 + 607653. Is b a composite number?
True
Suppose -3*p + 536 = j, 4*p + 389 = -5*j + 3025. Let x = j - -875. Is x a composite number?
False
Is (2/13 - (-913)/1079)*18191 prime?
True
Let q(k) = 25362*k + 451. Is q(8) a prime number?
False
Suppose -3*h + 1405448 = 2*z, -5*h - 112 = -122. Is z prime?
True
Suppose 0 = -2*x + 4*x - 8. Suppose -2*s - 5*m + 4207 = s, 4*m = -x*s + 5604. Is s composite?
False
Let b = 5 - -20. Let n be b/(-1)*(-21)/105. Suppose -n*j = 6848 - 28483. Is j a prime number?
True
Suppose -18098 = g - i, 5*i + 8 + 7 = 0. Let q = 30252 + g. Is q prime?
False
Let z(o) = -2*o**3 - 37*o**2 + 16*o - 31. Let d be z(-19). Is 4/d - -851035*(-16)/(-1040) a composite number?
False
Let r(m) = -2*m**2 - 161 + 6*m + 3*m**2 + 82 + 84. Let l be r(-3). Is (5*(-3755)/(-100))/((-1)/l) prime?
True
Let y = -140739 + 237482. Is y composite?
True
Let f(s) = -3*s**3 + 16*s**2 - 6*s + 7. Let z be f(5). Is z - 33180/(35/(-5)) a prime number?
False
Let h(f) = -f**2 - 11*f - 38. Let u(k) = 7*k - 28. Let z be u(3). Let o be h(z). Is ((-138)/o)/(6*2/60) a prime number?
False
Is (-1535624324)/(-780) - (-10)/(-75) a prime number?
True
Let d(j) = -37 + j**2 - 2*j + 5*j + 33 + 3*j. Let m be d(-7). Suppose -m*u = -710 + 137. Is u prime?
True
Suppose 5*b + 1467212 = 2*x, 0 = -5*x + 4*b - 1471171 + 5139150. Is x prime?
True
Is (-8)/56*-7*55997 a prime number?
True
Let l = 43 + -54. Let m = 11 + l. Suppose 7*d - 6*d - 257 = m. Is d a composite number?
False
Suppose 43*w - 2914100 = 817483. Is w a composite number?
True
Suppose 2*b - 12168 = -4*n + 21950, -3*n = -b - 25596. Suppose n = -9*p + 39410. Is p composite?
True
Suppose -3*a + 14 = i, 40 = 2*i + 2*i - 4*a. Suppose 1 = -5*j + i. Suppose 88 = 2*g - j*w, -4*w = g + 3*g - 168. Is g prime?
True
Let q = 138 + -97. Suppose 45*f - q*f = -48. Is ((-834)/(-8) + -2)/((-3)/f) a composite number?
False
Suppose -14*k - 17 = -2*d - 11*k, 4*k + 18 = -2*d. Suppose 5 = -3*v + 14. Is (d/v)/(3/603) prime?
True
Suppose -4*y + 858764 = 5*l, 0*l = -9*y + 4*l + 1932219. Is y composite?
False
Suppose -o = -4*u - 4*o + 12, 3*u - 9 = -o. Suppose 4*r - 5*p = 28, -r = 2*r - u*p - 18. Suppose 7839 = r*a + 241. Is a composite?
True
Let z(x) = 1252*x**2 - 127*x - 698. Is z(-5) a prime number?
True
Suppose -31*h + 1099 = -5535. Suppose 222*l - 27256 = h*l. Is l a composite number?
False
Let i = -36344 - -99809. Suppose -180134 - i = -19*h. Is h a composite number?
False
Suppose -4*c - 17*c - 9*c = -3441390. Is c a prime number?
True
Suppose 0*s + 4*s - 2208 = 0. Let g = -276 + s. Suppose 0*p + 4*p = g. Is p a composite number?
True
Suppose 0 = -4*n - 12*d + 17*d + 84002, 3*n + 3*d = 62961. Is n prime?
False
Let l(j) = 1021*j**2 - 5*j - 4. Suppose c - 3 = -s - 13, -5*s - 43 = 4*c. Let p be l(c). Is (-6)/4*p/(-30) a composite number?
False
Suppose 57*j - 17*j = 39*j + 23267. Is j a composite number?
True
Suppose -2*k + 4 = 0, -2*n - 4*k = -0*n - 32. Suppose 0 = 3*a + n, -5060 = -5*c + c + 4*a. Is c a composite number?
True
Suppose 4963653 = 190*w + 433*w - 2*w. Is w a composite number?
False
Suppose -c + 5*o = 162, -6*c - 3*o = -c + 922. Let h = -55 - c. Is h composite?
False
Suppose 125*a + 38249 = 148*a. Is a a prime number?
True
Let g(l) = -5062*l + 1. Is g(-15) composite?
False
Suppose 3*y - 3*q - 57 = 0, -q = 2*y - 4*q - 42. Suppose 4*k - 9 - y = 0. Let d = 269 - k. Is d composite?
False
Let y = 17459 - -217326. Is y a prime number?
False
Let a(c) = 171*c**3 + 9*c - 46. Let x be a(5). Suppose -5511 = -5*q + x. Is q prime?
False
Is (-171920626)/(-380) + 6/20 a composite number?
True
Let b = -567252 - -883493. Is b a composite number?
False
Let u = 775 - -226. Let o = -138 - 322. Let s = o + u. Is s prime?
True
Let j be (-37)/(-2) - (-12)/(-24). Let h(p) = 14*p**2 - 21*p + 125. Is h(j) a prime number?
True
Suppose -2*x + j + 33764 = -103222, 4*j - 273996 = -4*x. Suppose -5*d - 5*l = -x, 2*l - 4*l = 4*d - 54800. Is d a composite number?
True
Let k = 222640 - 140241. Suppose 30*m = -7*m + k. Is m prime?
False
Suppose -17*i + 19*i = -55*i + 10385229. Is i a composite number?
True
Suppose -7235 = 23*j + 19721. Let u = j + 6033. Is u a composite number?
False
Let t = -3707562 - -5313571. Is t a prime number?
True
Suppose 55 = 5*r + q, r + 3*q = 5*r - 44. Suppose 0*i - 3*i = t - r, 2*i + 6 = 2*t. Is (1382 + -3)/(i/2) composite?
True
Suppose 0 = 22*i - 24*i + 8. Is ((-13558)/i)/(12/(-24)) prime?
True
Let h = -4199 - -4202. Suppose 2*l + 3*f + 2*f = 11, -5*f = 5*l - 20. Suppose 5*j + 2*q = 1704 + 3857, h*j + l*q = 3342. Is j composite?
True
Let c(o) = 29*o**2 - 3*o + 7. Let j(p) = -p**3 + 4*p**2 - 4*p + 6. Let y be j(3). Suppose -y*g + 3*x = -27, 2*g - 14 + 0 = -2*x. Is c(g) prime?
False
Let v(h) = -25*h**2 + 46*h + 81. Let k be v(23). Let y = 21321 + k. Is y a composite number?
True
Let v(c) be the third derivative of -31*c**4/6 - 19*c**3/2 - 5*c**2 + 2. Is v(-28) composite?
True
Let q(a) = 242*a**2 - 28*a + 211. Is q(10) a composite number?
True
Suppose 1584168 + 74135 = 37*h. Is h a prime number?
True
Let t(b) be the second derivative of -b**5/20 + 3*b**4/2 + 29*b**3/6 - 2*b**2 + 2*b - 67. Is t(14) a prime number?
False
Let t(o) = -10*o**2 + 9*o - 10. Let m be t(-11). Let a = m + 482. Let r = 1790 + a. Is r prime?
True
Let l be 3*1*956/(-6). Let d be 6 - 15*834/18. Let z = l - d. Is z composite?
False
Suppose -5*n + 4*d = -320447 + 38952, -4*n - 6*d + 225196 = 0. Is n a composite number?
False
Suppose -23*q + 6 = -20*q. Suppose q*v = 4197 + 5. Is v prime?
False
Let i be (-3171)/(1 + -8)*10/3. Suppose b = 3, -5*b + 32320 - i = 3*r. Is r a prime number?
False
Let k(x) be the first derivative of 5*x**3/3 + 4*x**2 + 17*x + 3. Let p be k(-6). Suppose -p = -2*i + 233. Is i a composite number?
False
Let p = -9126 - -16086. Let k = 13313 - p. Is k a prime number?
True
Let o(h) = 338520*h**2 - 1046*h + 1045. Is o(1) prime?
False
Suppose -4948 = -45*m + 4862. Let f = 5537 + m. Is f a prime number?
False
Let d be 5 + 116/(-12) + (-12)/(-18). Is -4 + (-44342)/d + 6/4 prime?
True
Suppose 2*v = -3*o - 22, 2*v - 2*o - o = 2. Let i(z) = -16074 - z**3 + 2*z**2 + 8042 + 9*z + 8044. Is i(v) a prime number?
False
Let o(r) = 11*r - 186. Let a be o(17). Let c = -7 - -4. Is (a + 1058/(-3))*c - 0 a prime number?
False
Suppose -3*g = -2*g - 3. Suppose -2*w - 4979 = 2*i - 5*i, -g*i = w - 4967. Is i a composite number?
False
Let i(q) = -7*q + 6. Let r = 86 - 93. Let w(f) = -7*f + 6. Let o(t) = r*w(t) + 6*i(t). Is o(19) prime?
True
Suppose 2*t + 975074 = 4*x, 2*t - 240570 = -2*x + 246970. Is x composite?
False
Suppose 364 = 27*d + 94. Let v(g) = g + 1006. Let i be v(0). Suppose -d*p + 1084 + i = 0. Is p composite?
True
Let v(j) = -17*j + 501. Let p be v(49). Let r = p - -435. Is r a composite number?
False
Suppose 69*p - 67*p = -5*g + 1526242, 0 = g + 8. Is p prime?
True
Let u be 23 - (2*-1)/(22/33). Suppose -11 + u = 5*q. Suppose 892 = k + 5*b, 0 = q*k - 2*k + b - 880. Is k a prime number?
True
Is (0 + -3)/(-1 - (36/1632156 + -1)) a composite number?
False
Let d = -22 - -40. Suppose -32 = -s - d. Suppose -s*h + 8*h = -1644. Is h composite?
True
Let q(g) = -6*g**2 - 24*g + 26. Let h be q(11). Let u = 1813 - h. Is u composite?
False
Let i(b) = -59*b**3 + b**2 - 4*b + 5. Let z(p) = -p. Let y(d) = i(d) - 6*z(d). Is y(-3) a prime number?
True
Suppose 3*i - 10 = u, -31*u + 4*i = -27*u. Suppose -u*r = -